) in base 2?
-1000011011010
What is bc (base 15) in base 12?
129
-7dc (base 15) to base 4
-123312
What is 18b8 (base 13) in base 12?
2184
133533 (base 6) to base 14
47bb
What is 321362 (base 7) in base 11?
38989
What is -1314 (base 14) in base 7?
-12524
652 (base 11) to base 8
1417
What is 121020 (base 5) in base 13?
208c
Convert 5272 (base 9) to base 13.
19bb
Convert -200012 (base 3) to base 5.
-3431
Convert 2131 (base 4) to base 7.
313
What is 1100000001000 (base 2) in base 16?
1808
210221 (base 3) to base 10
592
1012123 (base 4) to base 14
18dd
Convert -149 (base 11) to base 9.
-213
-17887 (base 10) to base 6
-214451
Convert -32331 (base 4) to base 5.
-12312
Convert -11b (base 15) to base 3.
-100022
Convert 42157 (base 9) to base 13.
c892
What is -11977 (base 10) in base 3?
-121102121
Convert -447 (base 11) to base 16.
-217
-2123020 (base 4) to base 13
-4699
-1000001000 (base 2) to base 4
-20020
-241454 (base 6) to base 7
-115414
-1075 (base 8) to base 7
-1446
Convert 690 (base 14) to base 3.
1210020
What is -111221 (base 3) in base 10?
-376
Convert -1232111 (base 4) to base 12.
-4105
Convert -269 (base 12) to base 6.
-1413
-14313 (base 6) to base 11
-1790
206 (base 10) to base 13
12b
Convert -199 (base 12) to base 14.
-149
What is -323 (base 11) in base 10?
-388
Convert -10000110 (base 3) to base 16.
-897
What is -2103 (base 4) in base 8?
-223
11100101011001 (base 2) to base 5
432211
-1914 (base 11) to base 13
-1154
Convert -2895 (base 14) to base 4.
-1300103
-110000111000 (base 2) to base 16
-c38
What is -453415 (base 6) in base 9?
-57582
Convert 10640 (base 7) to base 6.
20335
What is 1001101001 (base 2) in base 9?
755
What is 22f (base 16) in base 15?
274
Convert 4110 (base 5) to base 4.
20102
What is 0 (base 7) in base 3?
0
Convert -292 (base 12) to base 2.
-110001110
Convert 321 (base 9) to base 13.
172
Convert 130021 (base 5) to base 16.
1393
What is 207a (base 14) in base 7?
22213
Convert -10200202 (base 3) to base 6.
-20245
Convert 211001 (base 3) to base 12.
417
Convert 3835 (base 14) to base 3.
111111201
What is 202030 (base 4) in base 10?
2188
What is -17773 (base 8) in base 13?
-395a
-41 (base 7) to base 4
-131
Convert -1b3b (base 13) to base 12.
-2462
What is 1212 (base 6) in base 8?
450
What is -5c (base 16) in base 6?
-232
What is 16053 (base 9) in base 12?
6433
-11100000110 (base 2) to base 8
-3406
-123122 (base 4) to base 14
-8d4
428 (base 10) to base 5
3203
Convert -440323 (base 5) to base 11.
-10377
Convert 145 (base 7) to base 9.
101
110 (base 11) to base 10
132
-2715 (base 9) to base 16
-7f7
Convert 2c30 (base 15) to base 13.
4425
What is -53 (base 8) in base 3?
-1121
Convert -309 (base 12) to base 16.
-1b9
Convert -3371 (base 9) to base 7.
-10162
10000211 (base 3) to base 4
202201
11 (base 11) to base 7
15
13101103 (base 4) to base 9
44757
What is 3202 (base 13) in base 16?
1b13
What is 4751 (base 12) in base 10?
7981
24121 (base 5) to base 8
3372
-3233330 (base 4) to base 16
-3bfc
Convert -159 (base 16) to base 15.
-180
-a (base 14) to base 12
-a
-1101122 (base 3) to base 15
-47b
Convert 15053 (base 10) to base 7.
61613
-2b85 (base 14) to base 3
-101122110
What is 531 (base 16) in base 2?
10100110001
1111101001110 (base 2) to base 6
101034
Convert 12331 (base 7) to base 16.
cb8
Convert -2c1 (base 13) to base 8.
-757
What is 15e9 (base 15) in base 10?
4719
Convert 60ed (base 15) to base 8.
47771
Convert 2c1 (base 16) to base 7.
2025
808 (base 16) to base 2
100000001000
What is -135 (base 16) in base 3?
-102110
What is 545 (base 7) in base 6?
1142
13 (base 9) to base 15
c
What is -12202100 (base 3) in base 7?
-15141
Convert 11113 (base 4) to base 16.
157
Convert -1b414 (base 12) to base 5.
-2242321
What is 3003 (base 4) in base 13?
120
What is d9ba (base 15) in base 8?
131773
Convert -110110011 (base 2) to base 4.
-12303
-120103 (base 5) to base 16
-1133
What is 602 (base 10) in base 3?
211022
What is -13310 (base 5) in base 14?
-572
-1201122002 (base 3) to base 11
-235a5
What is 1465 (base 7) in base 6?
2414
41423 (base 5) to base 3
10202102
Convert -2300 (base 4) to base 16.
-b0
What is 608 (base 13) in base 4?
33332
What is 5a2 (base 15) in base 3?
1202022
446 (base 12) to base 4
21312
Convert 120532 (base 6) to base 3.
112111102
What is 15143 (base 7) in base 11?
3175
What is 111111111110110 (base 2) in base 8?
77766
What is -10233133 (base 4) in base 9?
-28571
Convert 6670 (base 8) to base 14.
13cc
70d5 (base 14) to base 12
b283
What is 7d4b (base 15) in base 13?
c16a
Convert 7042 (base 10) to base 8.
15602
Convert 602 (base 8) to base 5.
3021
-cf53 (base 16) to base 15
-10ad5
6632 (base 7) to base 6
14555
Convert -100010001001 (base 2) to base 13.
-cc1
Convert 15f (base 16) to base 7.
1011
What is e12c (base 16) in base 6?
1122512
Convert ac6c (base 14) to base 10.
29888
-bb0 (base 13) to base 12
-11aa
-310 (base 12) to base 13
-282
-630 (base 7) to base 11
-267
What is -22221 (base 3) in base 13?
-157
What is -10010111100011 (base 2) in base 11?
-7318
What is -1223 (base 4) in base 2?
-1101011
Convert 2170 (base 11) to base 5.
42420
Convert 1514 (base 7) to base 2.
1001010111
Convert 211212 (base 5) to base 9.
10611
What is -3701 (base 10) in base 14?
-14c5
Convert 11675 (base 8) to base 10.
5053
What is 110383 (base 9) in base 10?
65928
Convert 538 (base 14) to base 16.
406
-a0 (base 13) to base 11
-109
-5b0 (base 13) to base 4
-33130
What is 39c (base 15) in base 14?
42a
Convert 1212 (base 4) to base 12.
86
What is 671 (base 11) in base 10?
804
Convert 200175 (base 8) to base 2.
10000000001111101
-3330 (base 6) to base 11
-644
What is 42842 (base 9) in base 14?
a4ba
Convert -684 (base 12) to base 10.
-964
1163 (base 15) to base 12
2179
Convert 1a589 (base 11) to base 8.
67755
What is -321024 (base 6) in base 12?
-13174
What is -523 (base 8) in base 4?
-11103
1051 (base 7) to base 5
3004
Convert -32141 (base 7) to base 13.
-381b
Convert 12 (base 14) to base 8.
20
What is 1365 (base 11) in base 13?
a5a
Convert 1421403 (base 5) to base 4.
13032203
What is 31757 (base 8) in base 15?
3e15
What is 19 (base 14) in base 11?
21
What is 156351 (base 7) in base 14?
b461
Convert 113 (base 4) to base 8.
27
-2142 (base 5) to base 2
-100101001
Convert -2221 (base 9) to base 6.
-11331
What is 1704 (base 14) in base 12?
2474
11978 (base 13) to base 2
111111001111010
What is -20900 (base 11) in base 5?
-1432441
What is 1100111010 (base 2) in base 5?
11301
-5bc (base 16) to base 13
-88c
Convert -9ce6 (base 15) to base 11.
-23015
What is 131 (base 16) in base 13?
1a6
What is 3ed (base 15) in base 5?
12043
Convert -40300 (base 6) to base 12.
-3090
Convert -1111011101 (base 2) to base 3.
-1100122
What is -1002 (base 12) in base 9?
-2332
275 (base 10) to base 6
1135
What is -ac3 (base 16) in base 10?
-2755
Convert -112012001 (base 3) to base 15.
-30e7
5487 (base 12) to base 2
10010001100111
Convert -2434 (base 5) to base 12.
-269
Convert -6407 (base 13) to base 14.
-50a5
What is 2246 (base 10) in base 6?
14222
What is -3202 (base 6) in base 10?
-722
Convert 1869 (base 15) to base 2.
1010010011010
What is -98 (base 12) in base 13?
-8c
What is -720a (base 12) in base 3?
-122000001
Convert 20220 (base 6) to base 16.
a74
What is 398 (base 13) in base 5?
10012
10212122 (base 3) to base 13
1394
What is -476 (base 15) in base 11?
-83a
Convert -1210 (base 3) to base 12.
-40
Convert -2410032 (base 5) to base 6.
-541304
Convert 1120 (base 5) to base 14.
b6
Convert a497 (base 14) to base 8.
67305
-100001000011111 (base 2) to base 5
-1020202
Convert 231121 (base 5) to base 10.
8286
-349 (base 14) to base 10
-653
-142 (base 13) to base 6
-1011
What is -10011001111011 (base 2) in base 4?
-2121323
-620c (base 14) to base 8
-40744
-1011000101011101 (base 2) to base 3
-2022021200
What is -887 (base 15) in base 11?
-14a2
Convert 10 (base 10) to base 3.
101
Convert 1411 (base 6) to base 7.
1033
What is -974 (base 13) in base 4?
-121100
Convert 484 (base 13) to base 10.
784
What is 38760 (base 9) in base 15?
7b26
69 (base 12) to base 7
144
Convert -13415 (base 6) to base 5.
-31344
6063 (base 7) to base 12
1273
Convert -298a (base 15) to base 14.
-3361
Convert -9826 (base 14) to base 15.
-7bd3
Convert -88d2 (base 15) to base 12.
-14945
What is 1122